o**6/8 - o**5/30 - o**4/8 - 2*o**3/3 - 3648*o**2. What is d(-2)?
114
Suppose 108*n + 65 = 121*n. Suppose -6 = -n*o + 2*w, -17*o = -12*o - w - 3. Let h(q) = -q**2 + 14. Determine h(o).
14
Let a = 1863 + -1858. Let c(q) = q**3 - 7*q**2 + 11*q - 8. Calculate c(a).
-3
Let y(s) = s**3 + 100*s**2 + 3*s + 301. Let v be y(-100). Let k(c) = 3*c + 3. Calculate k(v).
6
Let m(v) be the third derivative of v**5/20 - 11*v**4/12 + 23*v**3/6 - 104*v**2. Let n be m(6). Let b(w) = -26*w**3 + 2*w**2 - 1. Give b(n).
27
Let d be 5 + (-14 - -14) - 5. Let z(w) be the third derivative of 5/24*w**4 + 0 + 1/120*w**6 + 1/6*w**3 - 17*w**2 + d*w - 1/10*w**5. Determine z(5).
1
Let v be 17 - (0/(-2) - (-121)/11). Let n(k) = -19*k - 24. Give n(v).
-138
Let w(x) = x**3 - 3*x**2 - 10*x + 5. Let m be w(5). Let b be 1*((-2 - -4) + m). Let k(j) = -j**3 + 8*j**2 - 7*j + 3. Give k(b).
3
Let y(s) be the third derivative of 9*s**4/8 + 53*s**3/6 + 880*s**2. Calculate y(-2).
-1
Let x(p) = 7*p - 91. Let l be x(13). Let d(s) = s - 1. Let h be d(l). Let g(t) = 10*t**3 + 2*t**2 + 2*t + 1. Give g(h).
-9
Let l(y) = -28*y**2 - 19*y - 46. Let b(n) = 13*n**2 + 10*n + 23. Let s(r) = -13*b(r) - 6*l(r). Calculate s(-9).
40
Suppose 0 = 11*u - 32 - 12. Suppose -4*h + 5*i + 5 = -3*h, -u*h + 3*i = 14. Let s(v) = -v**2 - 4*v + 7. What is s(h)?
2
Let h(s) be the third derivative of -s**5/20 - 5*s**4/24 - 5*s**3/3 + 69*s**2 - 18*s. What is h(6)?
-148
Let w(j) be the third derivative of j**6/120 + 7*j**5/10 - j**4/24 - 55*j**3/6 - 3*j**2 - 7*j. Calculate w(-42).
-13
Let s = 19287 - 19264. Let b(f) = -f**2 + 19*f + 50. What is b(s)?
-42
Let j(t) = t**3 + 6*t**2 + 6*t + 9. Suppose 0 = 2*m + 2*b + 2, 0 = -5*m + 4*b + 177 - 209. Give j(m).
17
Let z = -1040 + 1600. Let o(l) = -z*l - 2 + 563*l + 0. Suppose -63*d + 69*d = 48. Calculate o(d).
22
Let r(c) = -c - 4. Suppose -1204 = 4*v + 2*m, 937 = -5*v + 4*m - 581. Let s = -295 - v. Determine r(s).
-11
Let k = -1 - -3. Let d(r) = -406*r - 27. Let h be d(-13). Let n(p) = -6*p - h + 5251. Give n(k).
-12
Suppose -q = 29 - 28, 0 = 4*v + 5*q - 11. Let h(r) be the third derivative of 20*r**2 - 1/3*r**3 - 1/24*r**v + 0*r + 0. Give h(-3).
1
Let g(p) be the first derivative of -8*p - 11. Let w(z) = -z - 17. Let d(m) = 7*g(m) - 3*w(m). Let a be d(1). Let i(s) = -s**3 - s**2 + s. What is i(a)?
2
Let n(s) = 76*s**3 - 20*s**2 + 14*s - 31. Let m(q) = 25*q**3 - 7*q**2 + 5*q - 11. Let t(x) = 17*m(x) - 6*n(x). Give t(1).
-30
Let x(c) = 4*c + 1. Let s(o) = -19*o + 25. Let i be s(1). Suppose 0 = 2*t - 5*w - i, 3*t - w - 9 = -3*w. Give x(t).
13
Let j(a) be the first derivative of -a**2/2 + 28*a + 596. Calculate j(24).
4
Let z(k) = 10*k - 101. Let i(n) = 7*n - 71. Let g(y) = -7*i(y) + 5*z(y). Calculate g(6).
-2
Let i = 15 - -64. Let y = 108 - i. Let j(z) = -29*z - y*z + 62*z - 1. What is j(-1)?
-5
Suppose -18 = w - 17, 3*w = 2*c - 117. Suppose -59*j + 4 = -c*j. Let g(h) = h - 1. Give g(j).
1
Let m(z) be the first derivative of z**4/4 + z**3 - 11*z**2/2 + 5*z - 1338. Determine m(-5).
10
Let m(f) = -5*f**3 - 6*f**2 - 8*f. Let s(u) = 14*u**3 + 18*u**2 + 20*u. Let x(k) = -11*m(k) - 4*s(k). Suppose 14 = -0*w - 2*w. Determine x(w).
-7
Let m(v) = -94 - 3738*v - 122 + 3722*v + 42. Calculate m(-11).
2
Let g = 51 + -46. Suppose -g*j - 186 = 34. Let u = j + 43. Let i(p) = 3*p**3 - p**2 + 1. Determine i(u).
-3
Suppose 0 = -18*y + 1443 - 363. Suppose -8*f = 12*f - y. Let d(m) = 2 - m**3 + 0*m + m**2 - 3 + 4*m. Determine d(f).
-7
Let u(h) = 27*h**2 + 11*h + 11. Suppose j = 4*g - 13, 254*g - 249*g - 18 = 3*j. Give u(j).
27
Let y(a) = -2*a**2 - 5*a - 5. Let p be y(-2). Let f(l) be the second derivative of l**3/2 + 3*l**2 - 30*l + 16. Determine f(p).
-3
Suppose -5*r - 14*v = -16*v - 39, -3*v = r - 18. Let n = -13 - -16. Let l(d) = -6 + d**2 - n - 7*d - d. What is l(r)?
0
Let y(i) be the third derivative of -i**5/60 + i**4/2 + 13*i**3/2 - 976*i**2. Calculate y(-3).
-6
Suppose -2*u + 90 = b + 4*b, -5*b + 105 = 5*u. Let o(w) = -w**3 + 17*w**2 - 15*w - 14. Give o(b).
2
Let h(o) = 72*o**3 + 70*o**3 + 1 - 90*o**3. Give h(-1).
-51
Let r(c) = c - 3. Let m be r(0). Suppose 0*s = 2*v - 5*s - 4, 0 = -2*v - 4*s + 4. Let a(i) = v*i - i**3 - 86 - 2*i**2 + 48 + 41. Determine a(m).
6
Suppose -19 = -j + 170. Suppose j*f - 185*f = 16. Let c(k) be the third derivative of k**4/24 - k**3/2 - 8*k**2. Determine c(f).
1
Let z(h) = h + 19. Let x be (4 - (-32)/(-3))*(-6)/(-4). Let o be z(x). Let n be o/12 + (-3)/(-12). Let w(r) = 2*r - 1. Give w(n).
1
Let f = 996 + -744. Let k(q) = -q**2 - f + 245 - 6*q + 0*q**2. Suppose 0 = 4*v + 17 + 7. Determine k(v).
-7
Let k(s) = -17*s**3 + 6*s**2 + 2*s - 1. Let u(h) = -34*h**3 + 14*h**2 + 5*h - 2. Let j be 86/16 + 21/(-56). Let r(t) = j*k(t) - 2*u(t). Give r(1).
-16
Let i(y) be the third derivative of 1/6*y**4 + 0 - 1/2*y**3 + 0*y**5 - 1/120*y**6 + 0*y + 66*y**2. What is i(2)?
-3
Let d(l) be the third derivative of l**5/60 - 13*l**4/24 + 13*l**3/6 - 13962*l**2. Suppose -f = 4*f - 60. Determine d(f).
1
Let n(y) = 3*y**3 + 140*y**2 + 222*y - 101. Let j(z) = -z**3 - 47*z**2 - 77*z + 33. Let v(k) = -11*j(k) - 4*n(k). What is v(-42)?
-1
Let p(h) = 7*h**3 + 20*h**2 - 20*h + 14. Let u(y) = -20*y**3 - 51*y**2 + 57*y - 42. Let b(w) = 14*p(w) + 5*u(w). Calculate b(13).
-118
Let z = 4 + -2. Let y(d) = -d**3 - 12*d**2 + 26*d - 26. Let c be y(-14). Let i(b) = -11*b**c + 9*b**2 + 3*b - 4*b - b**3. Calculate i(z).
-18
Suppose 85 = 4*s - 9*s. Let m = s - -19. Suppose -m*w = 3 - 9. Let l(r) = r**3 - r**2 - 3*r - 4. Give l(w).
5
Let h(f) = -2*f**2 + 16*f - 21. Let v be h(6). Let w(m) = -29*m + 43. Let n(g) = 45*g - 65. Let i(s) = 5*n(s) + 8*w(s). Calculate i(v).
-2
Suppose 12*p - 32*p = -960. Let x be (-60)/p - 6*1/8. Let z(i) = 2*i + 3. Let k(s) = -3*s - 4. Let n(d) = -5*k(d) - 7*z(d). Calculate n(x).
-3
Let p(q) = q**2 + 3*q + 3. Let z(v) = -v**3 + 4*v - v - 8 + 2*v**2 + 3*v**2 + 0*v**2. Let k be z(5). Suppose 5*t = -17 + k. Give p(t).
1
Let j(x) = 2*x - 37. Let g(l) = 11*l + 174. Let z(y) = -g(y) - 4*j(y). What is z(3)?
-83
Let j = -20 - -20. Suppose -6*p = -5*y - 3*p + 7566, -y - 4*p + 1504 = j. Let a(g) = -y*g + 1513*g + 1 + 1. Give a(-5).
-3
Let p(w) be the first derivative of -4*w**3/3 + w**2/2 - w + 9395. Suppose 3 = -5*x + 13. Determine p(x).
-15
Let n(m) = m**3 + 6*m**2 + 5*m. Suppose -5*t + 3*c = 6*c - 25, 3*t + c = 11. Let w be 3 - (2 + 1)*t/6. Suppose -10 = -w*b + 4*b. What is n(b)?
0
Let t(w) be the second derivative of w**3 - 151*w**2/2 - 3375*w - 1. Determine t(25).
-1
Suppose -18*t + 79*t = 28*t + 27*t. Let s(o) = o. Let m(n) = 6*n + 5. Let h(w) = -m(w) + 5*s(w). Calculate h(t).
-5
Let q(d) = 3*d + 44. Suppose 0 = -3*j + 2*y - 4 - 16, -3*j - 21 = -3*y. Give q(j).
26
Suppose -59*d + 1 = -58*d. Let r = 11 - 9. Let x(w) = 5*w - r*w - w - 4*w. What is x(d)?
-2
Let j(s) = -3*s**2 - 4*s - 10. Let i(x) = -x**2 + x + 1. Let g(w) = 4*w**2 - 27*w + 14. Let h be g(6). Let l(v) = h*i(v) + j(v). What is l(10)?
6
Let y(h) = 10*h - 2. Let z = -6921 - -6939. Suppose -5*q - 45 = -2*q. Let f = q + z. Give y(f).
28
Let i(g) be the first derivative of 3*g**2 - 12*g + 1. Let h = -167457 - -167460. Calculate i(h).
6
Let g(x) = x. Let t(n) = -n**3 + 5*n**2 + 2*n - 15. Let r be t(5). Let i(m) = -6*m. Let y(v) = r*g(v) - i(v). Give y(-8).
-8
Let y(a) be the third derivative of a**4/12 + a**3/3 + 1196*a**2 + 3. Let s be ((-3)/2)/(9/24). What is y(s)?
-6
Suppose 1 = -2*d + 3*p - 1, -13*d + 4*p = 13. Let o(j) = -9*j**3 + 3*j**2 - j - 1. What is o(d)?
12
Let z(i) = 3*i**3 - i**2 - 84*i - 53. Let a(u) = u**3 - 30*u - 18. Let o(r) = -17*a(r) + 6*z(r). Give o(5).
-7
Let q = 5348 + -5345. Let o(j) be the first derivative of -1/2*j**2 - 7/3*j**q - j + 22. Give o(-1).
-7
Let c = -11013 - -11019. Let i(h) be the third derivative of -h**6/120 + h**5/12 + h**4/12 - h**3/3 - 2*h**2. What is i(c)?
-26
Let a(m) be the third derivative of -m**6/120 + m**5/10 + 7*m**4/12 - 41*m**3/6 - 884*m**2. Determine a(7).
8
Let c(n) = n**3 - 4*n**2 - 2*n + 2. Let b be -25*(-1 - 0)*(-8)/20. Let l = b + -4. Let u = l + 18. Determine c(u).
-6
Let i(n) = 5*n + 1. Let v be i(1). Let a = 41 - 37. Let j(y) = 2*y + 90 - 81 - a*y. What is j(v)?
-3
Let l(j) = -5*j + 9. Let u = 46 - 52. Let x be (110/88 + u/(-8))/1. What is l(x)?
-1
Let y be -1*(8 